51*y + 49. Let w be s(-18). Give u(w).
15
Suppose 4*p - 14 + 6 = 4*k, 4*p - k - 2 = 0. Suppose -x + 5*x + 16 = p. Let a(q) be the third derivative of -q**4/8 - 2*q**3/3 - 4*q**2. Calculate a(x).
8
Let u(i) = 6 - 6148*i + 6146*i - 16 - 12. What is u(-11)?
0
Let z(c) = -4*c**2 - 18*c - 16. Let q be z(-3). Let u(n) be the third derivative of -7*n**q - 1/60*n**5 + 0 + 2/3*n**3 + 0*n - 1/8*n**4. What is u(-4)?
0
Let n(j) = -9*j - 47. Let u be n(-5). Suppose 0 = -4*o + 8*o. Let m(i) = -1 - 3*i + i + o. What is m(u)?
3
Let v(g) be the third derivative of -g**5/60 - g**4/4 + g**3/6 + 218*g**2. Determine v(-5).
6
Let f = -71 - -60. Let d be (f - -9)*2/2. Let g(v) = -5*v - 2. Calculate g(d).
8
Let u(w) = -13*w - w**3 + 5*w + 6 + 3*w**2 + 8*w - 2*w. Calculate u(4).
-18
Suppose -2*h - 2*h = -12. Let u(r) = -h + 1 - 4*r + 5*r - 4*r**2. Determine u(2).
-16
Let v(f) = 13*f**2 - 4*f - 5. Let o(j) = 28*j**2 - 8*j - 11. Let k(b) = -6*o(b) + 13*v(b). Give k(-5).
46
Suppose -8*x - 11 = -19. Let r(o) be the first derivative of 0*o - 1/2*o**2 + x. What is r(4)?
-4
Let y(x) be the first derivative of x**4/2 + x**3 + x**2/2 - 4*x - 9. Let u(c) = 5*c**3 + 9*c**2 + 2*c - 11. Let d(o) = -3*u(o) + 8*y(o). Give d(3).
7
Let v(i) = -5 + 6 + 0 + 97*i**3 - 104*i**3. What is v(1)?
-6
Suppose -18*s = -43*s - 25. Let q(p) = -1 + 1 + 3*p. Calculate q(s).
-3
Let z(n) = -5*n + 8. Let u = 1588 + -1594. Give z(u).
38
Let c(p) = p**2 + 10*p + 30. Let n(j) = 3*j + 10. Let q(t) = 2*c(t) - 7*n(t). Let d(y) be the first derivative of q(y). Determine d(3).
11
Let c be (2 + 2 - (7 - 4)) + 2. Let o(x) = -x - x**3 - 2 + 4 + 1 + x**2. What is o(c)?
-18
Let d(f) = -f**2 + 3*f + 1. Let l(b) = -b**2 + 4 - 26*b - 25*b + 70*b - 20*b. Let g be (-4)/(-14) + 2/(-7). Let p be l(g). Give d(p).
-3
Let d(t) = t**3 - 4*t**2 - 5*t - 4. Suppose -64*l + 59*l = -25. Calculate d(l).
-4
Let q = -11 - -13. Suppose -5 = -2*g + y, -2*y - 2 = -q*g - 0. Let i(t) = t. Give i(g).
4
Let f(v) = -2*v**3 + 4*v**2 - 3*v + 1. Let j be (-12)/15*10/(-4). Let q be f(j). Let m(a) = 2*a + 7. Determine m(q).
-3
Let b(j) be the first derivative of 2*j**4 - 2*j**3/3 - j**2/2 - 6. What is b(-1)?
-9
Suppose 4 + 0 = -f. Let g(v) be the third derivative of -v**6/120 - v**5/20 + v**4/6 + v**3/3 + 23*v**2. Give g(f).
2
Let o be 0 + (-12)/(-4) + 40. Let i = o + -47. Let d(p) = p**3 + 5*p**2 + 4*p. Calculate d(i).
0
Let c(b) = -4*b**3 - 3*b**2 - 2*b - 2. Suppose -12 = 8*l + 4. Give c(l).
22
Suppose 3 = -3*r + 3*c, -18 = c - 20. Let b(d) = 7*d**2 - 2*d. Let s(w) = -3*w**2 + w. Let m(h) = -2*b(h) - 5*s(h). Determine m(r).
0
Suppose -9*x + 50 = -34*x. Let w(p) = -3*p - 3. What is w(x)?
3
Let d(h) = h**3 - 6*h**2 - 7*h + 5. Suppose -2*p - 3*z - 63 = 0, -4*p + 0*z - z - 121 = 0. Let o = p - -37. Let s be d(o). Let n(q) = 2*q - 7. Give n(s).
3
Suppose 0*l = -l. Let v(s) be the second derivative of 0*s**3 + 1/12*s**4 + 1/20*s**5 - 9*s - s**2 + 0. Give v(l).
-2
Let u(q) = -16*q**2 + 14*q + 94. Let f(o) = 3*o**2 - 3*o - 18. Let i(z) = -11*f(z) - 2*u(z). Determine i(7).
-4
Let l(o) be the first derivative of -11 - o**2 + 0*o + o**3 + 1/4*o**4. Let c be -4 + 2 + -1 + 0. Give l(c).
6
Let d(t) = 3*t**3 - 3*t**2 - 4*t - 7. Let x(g) = 2*g**3 - 3*g**2 - 4*g - 6. Let y(f) = -3*d(f) + 4*x(f). Give y(-3).
9
Suppose 5*j - 3*j - 3*f - 10 = 0, 0 = -5*j + 2*f + 14. Suppose 3*d + 12 = -z, 3*z - 6*d - 16 = -j*d. Let y(p) = -1 - p + p + p. Determine y(z).
-1
Let n(c) = -c**2 + c + 1. Let z(s) = -4*s**2 + 5*s + 2. Let h(f) = -6*n(f) + z(f). Determine h(3).
11
Let k(u) = 4*u**3 - 4*u**2 - 6*u + 2. Let q(m) = 5*m**3 - 3*m**2 - 7*m + 1. Let w(t) = -4*k(t) + 3*q(t). Calculate w(5).
60
Suppose -4*q + 94 = 14. Let f(z) = -2*z**2 + q*z - 13*z - 7*z. Calculate f(-2).
-8
Let h(t) = t**3 + 4*t**2 + t + 1. Suppose -14 = -2*d - 44. Let j(a) = -a**2 - 15*a - 14. Let o be j(d). Let s = o + 11. Give h(s).
7
Let v = 8 - 5. Let j be -1*(-10)/(-4)*(15 + -17). Suppose -v*a + 16 = -2*x, 0*a - 31 = -j*a - x. Let q(n) = n - 4. Calculate q(a).
2
Let a(o) = -3*o + 14. Suppose -25*b - 103 = -303. Calculate a(b).
-10
Let b(x) = x**3 + 34*x**2 + 65*x + 29. Suppose -68*k + 67*k + 3 = 0, 2*k + 26 = -q. Calculate b(q).
-3
Let h = 0 - -10. Suppose 2*o - o = h. Suppose -6*v + 8*v = o. Let p(x) = -x - 3. Calculate p(v).
-8
Let l(m) = -103*m + 924. Let t be l(9). Let h(b) = -b**2 + 1 - b - 3*b - 4. Determine h(t).
0
Let z(q) be the third derivative of q**5/60 - q**4/4 + 5*q**3/6 - 107*q**2. Determine z(5).
0
Let d(k) be the second derivative of -k**5/20 - k**4/4 + k**3/2 + 3*k**2/2 - k. Let r be 6 - 1*(2 + -1). Suppose -l - 4 = -3*f - 5*l, -r*l + 16 = f. Give d(f).
7
Let c(b) = 2*b - 6. Suppose 5*i + 44 - 4 = 0. Let g = -4 - i. Determine c(g).
2
Let b(p) be the second derivative of 7/2*p**2 + 0 - 1/12*p**4 + 0*p**3 - 9*p. Let q = 0 + 0. Determine b(q).
7
Suppose 4*f + 2*l = -44, -2*l + 34 = -2*f - 0*f. Let p(w) = -w**2 - 14*w - 17. What is p(f)?
-4
Let i(m) = -3*m - 1. Let a = 101 + -271. Let c be (-1)/(-8) - a/(-80). Let y(k) = -6*k - 2. Let q(o) = c*y(o) + 5*i(o). Calculate q(-6).
17
Let p be ((-6)/4)/(6/(-36)). Let h(c) = -1 + p*c**2 + 4*c**2 - c - 8*c**2. What is h(-1)?
5
Let y(b) = 3 + 40*b + 38*b + 1 + 2 - 75*b. What is y(2)?
12
Let k(v) = v**3 - 23*v**2 - v + 30. Let m be k(23). Let o(f) = -7 + m - f - 4. Determine o(-3).
-1
Let z(h) = -2*h**2 + 4*h - 4. Let r(j) = -j**2 + 4*j - 5. Suppose -5*a - f = f - 15, -2*a - f + 6 = 0. Let w(p) = a*r(p) - 2*z(p). Give w(-6).
5
Let g(m) = m**3 - 3*m**2 - 5*m + 2. Let x(s) = -5*s - 4. Suppose 19 = 3*c + 5*b, -2*b + 19 = -2*c + b. Let r be x(c). Let f be r/14 - (-25)/7. Determine g(f).
-2
Let g(n) = n - 1. Let b(u) = -5*u + 5 - 3 - 2 + 8. Let c(s) = -b(s) - 4*g(s). Determine c(-5).
-9
Let s(j) = -j**3 + 5*j**2 - 5*j + 2. Let y(f) = -f**3 - 23*f**2 - 21*f + 25. Let q be y(-22). Calculate s(q).
5
Suppose 0 = -4*u + 4 - 0. Let b(m) = 8*m**3 - u + 0*m + 0*m - m**2 - m. Let g = -3 + 2. Calculate b(g).
-9
Let f(s) = s**2 - 9*s. Let m be 8 + -4 + (1 - 0). Let y = m + 4. Let z be f(y). Let i(l) = -l**2 - 7. Determine i(z).
-7
Let z(y) be the second derivative of -y**3/6 + 2*y**2 + 4*y + 21. Suppose 0 = -3*w + 6, 0*p - 4*p - 5*w = -54. What is z(p)?
-7
Let z = 7 + -5. Let u = 22 + -19. Suppose -5*q - u + 2 = z*o, -1 = -q - o. Let w(v) = -2*v**3 - v**2 - v - 1. Give w(q).
1
Let s be (15/(-9))/(2/(-6)). Let d(j) = 2*j**2 - 18*j - 12. Let g be d(7). Let z be (1/(-2))/(s/g). Let l(c) = -c + 5. Calculate l(z).
1
Let u be (-30)/(-8) + (-15)/20. Suppose 0 = u*p - 6, 5*x = -3*p + 16. Let z(f) = f**2 - f + 2. Determine z(x).
4
Let l(f) = f**3 - 7*f**2 - 4*f + 6. Suppose k = 1, -7*c + 15 = -5*c + 3*k. What is l(c)?
-54
Let s(y) = y**2 + 14*y + 34. Let x be s(-11). Let i(h) = h. Let n(q) be the second derivative of 2*q**3/3 - 3*q. Let m(f) = 2*i(f) - n(f). Give m(x).
-2
Let f(v) = 4*v + 1. Let r(c) = -3*c**2 - 5*c + 3. Let l(k) = -8*k**2 - 15*k + 10. Let z(p) = -4*l(p) + 11*r(p). Let q be z(3). Calculate f(q).
-3
Suppose -19*j + 79*j = 60. Let b(h) = 47*h. Calculate b(j).
47
Let r(i) = -25 + 29 - 3 + 1 - 7*i. Give r(2).
-12
Let q(j) be the third derivative of j**5/20 - j**3/6 - 373*j**2 - 2*j. Give q(2).
11
Let i = -315 + 315. Let q(g) be the third derivative of -5/6*g**3 + 0*g - 1/24*g**4 + 12*g**2 + i. Calculate q(-5).
0
Let i = -852 + 860. Let y(u) = 2*u - 20. Calculate y(i).
-4
Let u(y) be the third derivative of -y**5/60 - y**4/4 + y**3/2 + y**2. Suppose n + 3*b - 6 = 0, 5*b - 9 = n + 17. Determine u(n).
3
Let p(c) = 9*c**2 - c + 1. Let w = -72 + 63. Let x be (57/w - -7)*(-3)/(-2). Determine p(x).
9
Let y(l) = -l**3 - 4*l**2 + 3*l - 5. Let m be y(-5). Let h = 21 + m. Suppose 6*u - 40 = u + 4*r, -2*r - h = -4*u. Let n(v) = -v**2 + v + 1. What is n(u)?
-11
Let w = 33 + -22. Let i = 9 - w. Let v be ((-8)/2)/(i/3). Let d(b) = -b**3 + 7*b**2 - 6*b - 3. Determine d(v).
-3
Let f(p) = 20*p**3 + 3*p**2 + 5*p + 2. Let t(v) = -39*v**3 - 7*v**2 - 13*v - 5. Let j(g) = -5*f(g) - 2*t(g). Determine j(1).
-22
Let i be (8 - -2)/(7/14). Suppose b = 6*b - i. Let x(o) = 0*o**3 + 13*o + 2 + o**3 + b*o**2 - 8*o. Calculate x(-3).
-4
Let n(h) = h**2 + 6*h + 1. Let a be -4 - (1/7 - (-1632)/238). What is n(a)?
56
Let g be 2/5 - (-108)/30. Let y(w) = 3*w**2 + 6*w + 2. Let h(i) = 2*i**2 + 5*i +